348640 is divided by 31693.
17
Calculate the remainder when 1803680 is divided by 1084.
988
Calculate the remainder when 531661 is divided by 88610.
1
Calculate the remainder when 30689863 is divided by 5114975.
13
Calculate the remainder when 31338753 is divided by 164.
157
Calculate the remainder when 12564293 is divided by 142776.
5
What is the remainder when 3395552 is divided by 1267?
1259
Calculate the remainder when 14913 is divided by 530.
73
Calculate the remainder when 15675528 is divided by 6303.
6270
What is the remainder when 251545 is divided by 20961?
13
What is the remainder when 46509222 is divided by 93?
15
Calculate the remainder when 356533 is divided by 383.
343
What is the remainder when 206128 is divided by 103038?
52
Calculate the remainder when 383779 is divided by 383.
13
What is the remainder when 204387522 is divided by 15722114?
40
Calculate the remainder when 11916773 is divided by 107.
76
Calculate the remainder when 5227931 is divided by 1045585.
6
What is the remainder when 20632328 is divided by 5158079?
12
What is the remainder when 120012 is divided by 3240?
132
What is the remainder when 948479 is divided by 1359?
1256
Calculate the remainder when 167737 is divided by 41914.
81
Calculate the remainder when 1516644 is divided by 189579.
12
What is the remainder when 59489 is divided by 58653?
836
Calculate the remainder when 710910 is divided by 1141.
67
Calculate the remainder when 12905817 is divided by 27.
6
Calculate the remainder when 31636 is divided by 14490.
2656
What is the remainder when 1162458 is divided by 64?
26
What is the remainder when 2700018 is divided by 107?
87
Calculate the remainder when 844466 is divided by 844366.
100
Calculate the remainder when 1068875 is divided by 3648.
11
Calculate the remainder when 142245529 is divided by 27.
25
Calculate the remainder when 195137230 is divided by 47.
45
What is the remainder when 6893308 is divided by 1315?
78
What is the remainder when 77601213 is divided by 232?
229
What is the remainder when 15283 is divided by 2145?
268
What is the remainder when 2445942 is divided by 34942?
2
Calculate the remainder when 30284 is divided by 28079.
2205
Calculate the remainder when 9570743 is divided by 531666.
755
What is the remainder when 362025 is divided by 6830?
35
What is the remainder when 18328470 is divided by 7656?
6
What is the remainder when 2430478 is divided by 664?
238
Calculate the remainder when 221878269 is divided by 2144.
2141
Calculate the remainder when 1648096 is divided by 137.
123
Calculate the remainder when 51989397 is divided by 51.
48
What is the remainder when 7652739 is divided by 335?
334
What is the remainder when 310043 is divided by 77505?
23
Calculate the remainder when 11701811 is divided by 5850884.
43
Calculate the remainder when 203198 is divided by 40620.
98
What is the remainder when 4032838 is divided by 448075?
163
What is the remainder when 10062 is divided by 1607?
420
Calculate the remainder when 653040 is divided by 72547.
117
Calculate the remainder when 27858 is divided by 7398.
5664
What is the remainder when 383520 is divided by 381478?
2042
What is the remainder when 77427110 is divided by 8603012?
2
What is the remainder when 181454613 is divided by 28?
25
What is the remainder when 590402 is divided by 681?
656
What is the remainder when 220099197 is divided by 600?
597
What is the remainder when 69592644 is divided by 4349540?
4
Calculate the remainder when 2235193 is divided by 372530.
13
Calculate the remainder when 85886405 is divided by 696.
5
Calculate the remainder when 40293 is divided by 13411.
60
What is the remainder when 241438 is divided by 784?
750
Calculate the remainder when 1239197 is divided by 800.
797
Calculate the remainder when 32894266 is divided by 3774.
82
Calculate the remainder when 691449 is divided by 345659.
131
Calculate the remainder when 687972 is divided by 1470.
12
Calculate the remainder when 9077645 is divided by 346.
335
Calculate the remainder when 1044569 is divided by 264.
185
What is the remainder when 19258 is divided by 9172?
914
Calculate the remainder when 1455612 is divided by 256.
252
What is the remainder when 202280 is divided by 100958?
364
Calculate the remainder when 6132206 is divided by 132.
14
What is the remainder when 17471900 is divided by 1941296?
236
Calculate the remainder when 183178 is divided by 12187.
373
What is the remainder when 389154493 is divided by 64?
61
Calculate the remainder when 8525898 is divided by 2131463.
46
Calculate the remainder when 1194705 is divided by 59732.
65
What is the remainder when 198417144 is divided by 15790?
4
What is the remainder when 13437773 is divided by 4479253?
14
Calculate the remainder when 46382 is divided by 1098.
266
What is the remainder when 845213 is divided by 73?
19
Calculate the remainder when 110319344 is divided by 286.
278
What is the remainder when 37096409 is divided by 96?
89
What is the remainder when 88278 is divided by 29425?
3
What is the remainder when 2570639 is divided by 64?
15
Calculate the remainder when 59559 is divided by 885.
264
What is the remainder when 143829 is divided by 95?
94
What is the remainder when 9083 is divided by 4265?
553
What is the remainder when 11068295 is divided by 244?
211
What is the remainder when 7396992 is divided by 44560?
32
What is the remainder when 11207 is divided by 1004?
163
What is the remainder when 5431704 is divided by 102?
0
What is the remainder when 3765201 is divided by 1893?
24
What is the remainder when 1355964 is divided by 1951?
19
Calculate the remainder when 37623045 is divided by 523.
517
Calculate the remainder when 41185873 is divided by 4.
1
Calculate the remainder when 211829 is divided by 869.
662
What is the remainder when 433095 is divided by 135?
15
Calculate the remainder when 45606799 is divided by 356.
351
Calculate the remainder when 31620102 is divided by 156.
150
Calculate the remainder when 12958298 is divided by 5749.
52
Calculate the remainder when 9416142 is divided by 14782.
8
Calculate the remainder when 3624712 is divided by 4653.
25
Calculate the remainder when 153882 is divided by 5901.
456
Calculate the remainder when 194935674 is divided by 180.
174
What is the remainder when 37121 is divided by 760?
641
What is the remainder when 30655651 is divided by 73869?
16
What is the remainder when 40499420 is divided by 287?
276
Calculate the remainder when 2137821 is divided by 1713.
1710
What is the remainder when 416951 is divided by 208347?
257
What is the remainder when 12512 is divided by 10218?
2294
Calculate the remainder when 218400 is divided by 2795.
390
What is the remainder when 674222840 is divided by 8377?
8372
What is the remainder when 4495617 is divided by 41626?
9
Calculate the remainder when 91680 is divided by 2632.
2192
Calculate the remainder when 1890514 is divided by 5082.
10
Calculate the remainder when 19222 is divided by 6211.
589
Calculate the remainder when 81008 is divided by 15500.
3508
Calculate the remainder when 692038 is divided by 112.
102
What is the remainder when 2146114 is divided by 536415?
454
Calculate the remainder when 20986 is divided by 10340.
306
What is the remainder when 3013238 is divided by 2432?
2422
Calculate the remainder when 13514087 is divided by 1699.
241
What is the remainder when 29829537 is divided by 2171?
2168
Calculate the remainder when 10805480 is divided by 3601826.
2
What is the remainder when 1018656 is divided by 56591?
18
What is the remainder when 116878 is divided by 3433?
156
What is the remainder when 12805693 is divided by 14?
5
What is the remainder when 824185 is divided by 51401?
1769
Calculate the remainder when 296142 is divided by 214.
180
What is the remainder when 24328060 is divided by 6?
4
What is the remainder when 2872 is divided by 557?
87
What is the remainder when 2065051 is divided by 586?
573
Calculate the remainder when 12008787 is divided by 10.
7
What is the remainder when 6810320 is divided by 8285?
50
What is the remainder when 9374858 is divided by 3502?
4
Calculate the remainder when 1053178 is divided by 4564.
3458
Calculate the remainder when 3600870 is divided by 2.
0
Calculate the remainder 